2, 29
Let d(q) be the second derivative of -5*q**3/2 - 43*q**2 + 22*q. List the prime factors of d(-22).
2, 61
Let q = 64300 + -22839. List the prime factors of q.
7, 5923
Let q(h) = 78 + 10*h - 60*h + 18 - 14*h. List the prime factors of q(-6).
2, 3, 5
What are the prime factors of (78/(-2)*2/(-6))/((-16)/(-7056))?
3, 7, 13
Suppose 4*f = -a + 17, 5*a - 17 = 2*a + 5*f. What are the prime factors of -2*((-8181)/6)/a?
3, 101
Suppose 0 = 2*d - 2*g - 1 - 1, -17 = -3*d - 4*g. Suppose 5*y + 0*i + 2*i = 0, d*y = -5*i - 19. What are the prime factors of 4 + 306/3 + y?
2, 3
Let h(d) = -19*d - 33. Let a be h(-11). Suppose a + 400 = 2*b. List the prime factors of b.
2, 3
What are the prime factors of 1*6/(-12)*(-3 + -6662 + -3)?
2, 1667
Let h = 5900 - -1877. What are the prime factors of h?
7, 11, 101
Let i(s) = 7*s + 15. Suppose 0 = 4*q - 5*d - 63, 0 = -3*d + 2 + 1. Let b be i(q). Suppose -38 = -2*o + b. List the prime factors of o.
2, 43
Suppose 57*a + 51*a = 118*a - 29100. What are the prime factors of a?
2, 3, 5, 97
Let c = -2393 + 10193. List the prime factors of c.
2, 3, 5, 13
Let y(r) = -1555*r + 6504. List the prime factors of y(-19).
13, 47, 59
Let f(u) = 12*u + 231. Let s be f(-19). What are the prime factors of ((-26 - s)/(8/584))/(-1)?
29, 73
Let z = 22 - 13. Suppose -x + z = -23. Let l = x - -5. List the prime factors of l.
37
Let j = -33 - -28. Let p be -1*(0 - -3 - j/(-5)). What are the prime factors of (24/(-7))/(p - (-84)/49)?
2, 3
What are the prime factors of (-31 - 726997/(-57)) + (-1 - (-10)/6)?
2, 3181
Let k(d) be the second derivative of 95*d**4/6 + d**3/3 - 3*d**2/2 - 3*d. List the prime factors of k(1).
3, 7
Let v be 1/1*(5 + (-2 - -2)). Suppose -4*h - 2060 = -v*k, h - 436 = -k - 3*h. What are the prime factors of k?
2, 13
Suppose -3*c = -5*l + 10, -5*l - 3*c + 0 = -40. Suppose 66 = -l*t - g - 151, 0 = -2*t - 5*g - 73. Let x = -14 - t. What are the prime factors of x?
2, 3, 5
Let z(g) = 23*g + 3 + 7*g - 10. Let s = -952 - -955. What are the prime factors of z(s)?
83
Let y = 28729 + -15069. What are the prime factors of y?
2, 5, 683
Let x(c) = -9*c**2 + 75*c - 20. Let b be x(8). Suppose -5*r + 5048 = b*i, -1247 = -i + 6*r - 11*r. List the prime factors of i.
7, 181
Let h(k) = -1667*k + 11. What are the prime factors of h(-2)?
3, 5, 223
Suppose -977 = 4*l + 5*g, 6*l + 1249 = l + 3*g. What are the prime factors of 48/144 + l/(-3)?
83
Let u(r) = -r**3 + 2*r**2 + r + 7. Let y be u(0). Let l = 103 + y. Suppose 3*f - 347 = -l. List the prime factors of f.
79
Suppose 0 = 4*h + 5*d - 4*d - 15, 0 = -4*d - 20. Suppose o + 5*y = 10, 13 = 4*o + h*y + 3. Suppose -2*q + 77 + 73 = o. List the prime factors of q.
3, 5
Suppose 113 = 2*v - 5*k + 927, 2*v - 2*k = -826. Let h = -365 - v. List the prime factors of h.
2, 13
Let n = -72 + 153. Let j be (-2)/8*-34*(n - -1). Suppose 5*y + 4*z - 5*z = j, 0 = -z + 3. List the prime factors of y.
2, 5, 7
Let j be (-6048)/40*(250/3)/(-5). Suppose j = -2*w + 6*w. What are the prime factors of w?
2, 3, 5, 7
Suppose -4*y - 1776 = 5*l, -l - 270 - 624 = 2*y. What are the prime factors of 1 - y - ((14 - 10) + -1)?
3, 149
Let u = 6 + -4. Let r = 76 - 76. Suppose u*w + 3*h - 32 = 30, r = w - 3*h - 31. What are the prime factors of w?
31
Let f be (-285)/(-665) + ((-6)/(-7))/(-2). Suppose f = -5*x + 5, 3054 = 3*y - 3*x - 0*x. List the prime factors of y.
1019
Let v = 17 - 13. Suppose -v*i + 2481 = 561. List the prime factors of i.
2, 3, 5
Suppose -m - 6409 = -2*v, -74*m + 65*m = -2*v + 6449. What are the prime factors of v?
2, 1601
Let f(o) = 1226*o + 2001. What are the prime factors of f(12)?
3, 619
List the prime factors of (44/110)/(1/(3 - -12)) - -15094.
2, 5, 151
Let h = -648 + 717. Suppose -3*y = -3723 - h. What are the prime factors of y?
2, 79
Let i be (1 - 1)/((-1)/(-1)). Suppose i = -g + y + 315, -g - 19*y + 14*y + 309 = 0. List the prime factors of g.
2, 157
Suppose 27*u - 7912 = 1873 + 313. Suppose -j + 2*j = -g + 3, 21 = 5*j - g. Suppose 5*p = -j*o + 8*o - u, -2*o = -5*p - 182. What are the prime factors of o?
2, 3
Suppose 156497 = 4*z + 3*t, -1865*t = 2*z - 1869*t - 78232. List the prime factors of z.
2, 31, 631
Let v = 27 + -27. Suppose m + 2*f + 22 = 4*m, v = -5*m + 2*f + 30. Suppose m*s - 26 = 10. What are the prime factors of s?
3
Let g(b) = 2*b**2 + b. Let p(j) be the second derivative of 3*j**4/4 - 4*j**3/3 - 11*j**2/2 - 21*j. Let n(m) = -4*g(m) + p(m). List the prime factors of n(21).
2, 89
Suppose -155*k = -511736 + 70120 + 32106. What are the prime factors of k?
2, 1321
Suppose 5*k + 5*c = -6736 + 2361, 0 = -3*k + 2*c - 2640. Let x = k - -1568. What are the prime factors of x?
2, 3, 5, 23
Suppose -5*x = -69*o + 75*o - 56425, -2*x + 3*o = -22597. What are the prime factors of x?
7, 1613
Suppose 12 - 11 = l + h, h - 13 = -5*l. Suppose 179 = l*z - 112. What are the prime factors of z?
97
Let m(d) = d**2 - 8*d - 4. Let a be m(9). Suppose a*j = -41 + 501. List the prime factors of (j/10)/((-34)/(-85)).
23
Let n(o) = 3*o**3 - o**2 + 5*o - 2. Suppose 7 = 2*g - 1. Suppose p + 2 = 5*f - 3*f, -4*p + 2*f + g = 0. List the prime factors of n(p).
2, 7
Suppose 52*l + 16 = 50*l. What are the prime factors of 4 + l - -5*168/7?
2, 29
Let b = -120924 - -191214. List the prime factors of b.
2, 3, 5, 11, 71
Suppose h - 13 = -20. Let d be (-471)/h - 12/126*3. Let w = d - 25. List the prime factors of w.
2, 3, 7
Let n = -11 + 13. Suppose -12 = 3*l, n*g + 3*l - 282 = l. List the prime factors of g.
5, 29
Let i = 16 + -24. Let h = i + 13. Suppose -h*c - 402 = -1022. List the prime factors of c.
2, 31
Let f(y) = 37 - 23 - 12*y + 13*y**2 - 37 - 2*y + 2*y. List the prime factors of f(-9).
2, 569
Suppose -2 = -4*d + 10. Suppose -d*q = 2*q - 30. List the prime factors of (-5 + 147/15)/(q/160).
2
Let t be ((-2)/(-4))/(5/(-60)*-3). Let c be 10/t - (-66)/(-22). Suppose 2*v - 48 = h, c*h = -0*h - 8. List the prime factors of v.
2, 11
Suppose 5*j - 579 = 2251. Suppose -82*o = -81*o - j. List the prime factors of o.
2, 283
Let o(b) = 3*b**3 - 3*b**2 + 5*b + 4. Let t be o(4). Let c be 3/(-4 + 40/16). Let n = t + c. List the prime factors of n.
2, 83
Let q = -11940 - -20247. What are the prime factors of q?
3, 13, 71
Let g(p) = 2*p**2 + 79*p - 12. Let w be g(-42). Let d = w + 688. What are the prime factors of d?
2, 443
Let d = -52 + 54. Let j be 164 + (d - 2) + 3 + 1. Let y = -57 + j. What are the prime factors of y?
3, 37
What are the prime factors of (16/20)/(45/252225)?
2, 19, 59
Suppose -4*s - 29 = -i + s, 0 = 5*i - 2*s - 53. What are the prime factors of 4/18 + (19397/i)/17?
127
Let f = -98851 + 140765. List the prime factors of f.
2, 19, 1103
Let a be -3 + 7 - 6 - 1*-2. Suppose a = 14*q - 18*q + 1268. Let c = -36 + q. List the prime factors of c.
281
List the prime factors of 35553 - ((-285)/15 - 1).
35573
Suppose -3*s - 16 = 77. Let v = 19 + s. List the prime factors of 27/v - -2 - (-4456)/32.
139
Let t = 11 - 6. Suppose t*c + 812 = 2*s, -c - 3*c - 400 = -s. Suppose 5*x = 13*x - s. List the prime factors of x.
2, 13
Let y(p) = 6*p - 14. Suppose -5*q - 22 = -2*k + 20, 0 = -3*q - 2*k - 22. Let v be y(q). Let c = -11 - v. What are the prime factors of c?
3, 17
List the prime factors of (3574/3)/(-23 - 923/(-39)).
1787
List the prime factors of ((-6)/4)/((-156)/978536).
97
Let h = 40 + -54. Let r be 74/h + (-12)/(-42). List the prime factors of -2*r/2*(-79)/(-5).
79
Let x = -360 - -726. Suppose s = -4*a + 1062, 4*s - 890 = -2*a - x. List the prime factors of a.
2, 7, 19
Let a = 34 - 29. Suppose 2*u = -5*t, t + 6 = a*u - 21. Suppose 4*l + 207 = 7*l + 4*c, -u*l = -4*c - 377. What are the prime factors of l?
73
Let z(h) = h**3 + 7*h**2 - 6*h - 20. Let j be z(-6). Let o be j/10 - 1/5. Suppose 0 = -4*t - 8, o*g + 2*t + 2*t = 152. What are the prime factors of g?
2
Let n = -1508 + 2878. Suppose -3*z + 2061 = 3*q, 2*z + q - n = 3*q. Suppose 6*g + 74 - z = 0. List the prime factors of g.
2, 3, 17
Suppose 4*x - 10 = q + 3, -3*q = 4*x - 25. Suppose -2*n - 4*g + 515 = -3*g, -2*n + x*g = -520. List the prime factors of n.
2, 3, 43
Let t(a) = 2*a**2 - 70*a + 102. Let u be t(31). Let i = 2 - -4. Let y = i - u. List the prime factors of y.
2, 19
Let l(u) = -u**3 + 2*u**2 + 4*u - 3. Let v be l(3). Suppose v*m - 4*m = -2*m. Suppose 4*t + 3*